{"id":177,"date":"2017-06-22T12:23:55","date_gmt":"2017-06-22T10:23:55","guid":{"rendered":"http:\/\/www.mda-hdv.be\/?page_id=177"},"modified":"2022-12-24T17:21:33","modified_gmt":"2022-12-24T16:21:33","slug":"formulaire-dinscription-2","status":"publish","type":"page","link":"https:\/\/www.mda-hdv.be\/fr\/formulaire-dinscription-2\/","title":{"rendered":"Devenir membre"},"content":{"rendered":"<div class=\"wpb-content-wrapper\"><p>[vc_row][vc_column css=\u00a0\u00bb.vc_custom_1501345856515{background-color: rgba(94,202,229,0.16) !important;*background-color: rgb(94,202,229) !important;border: 2px solid #0066bf !important;border-radius: 10px !important;}\u00a0\u00bb][vc_column_text css=\u00a0\u00bb.vc_custom_1579553275133{background-color: rgba(255,255,255,0.2) !important;*background-color: rgb(255,255,255) !important;}\u00a0\u00bb]<\/p>\n<h3 style=\"text-align: center;\">Pour les candidats membres<\/h3>\n<h4>Si vous souhaitez \u00e0 titre personnel, soutenir l&rsquo;action de notre asbl et profiter des facilit\u00e9s de la Maison des Ailes, vous pouvez demander \u00e0 en devenir membre en remplissant la \u00ab\u00a0demande d&rsquo;affiliation\u00a0\u00bb que vous trouverez en cliquant sur\u00a0le bouton ci-dessous<\/h4>\n<h4><\/h4>\n<p>&nbsp;[\/vc_column_text][vc_btn title=\u00a0\u00bbDEMANDE D&rsquo;AFFILIATION\u00a0\u00bb style=\u00a0\u00bb3d\u00a0\u00bb color=\u00a0\u00bbinfo\u00a0\u00bb align=\u00a0\u00bbcenter\u00a0\u00bb i_icon_fontawesome=\u00a0\u00bb\u00a0\u00bb css_animation=\u00a0\u00bbbounceInLeft\u00a0\u00bb add_icon=\u00a0\u00bbtrue\u00a0\u00bb link=\u00a0\u00bburl:https%3A%2F%2Fwww.mda-hdv.be%2Fwp-content%2Fuploads%2F2022%2F12%2FDemande-daffiliation-2023Fr.pdf|title:Demande%20d&rsquo;Affiliation%20MDA|target:_blank\u00a0\u00bb][\/vc_column][\/vc_row][vc_row][vc_column][vc_single_image image=\u00a0\u00bb250&Prime; img_size=\u00a0\u00bbmedium\u00a0\u00bb alignment=\u00a0\u00bbcenter\u00a0\u00bb style=\u00a0\u00bbvc_box_shadow_3d\u00a0\u00bb css=\u00a0\u00bb.vc_custom_1501345657288{padding-top: 30px !important;}\u00a0\u00bb][\/vc_column][\/vc_row][vc_row][vc_column css=\u00a0\u00bb.vc_custom_1501347342944{border-top-width: 2px !important;border-right-width: 2px !important;border-bottom-width: 2px !important;border-left-width: 2px !important;background-color: rgba(94,202,229,0.16) !important;*background-color: rgb(94,202,229) !important;border-left-color: #0066bf !important;border-left-style: solid !important;border-right-color: #0066bf !important;border-right-style: solid !important;border-top-color: #0066bf !important;border-top-style: solid !important;border-bottom-color: #0066bf !important;border-bottom-style: solid !important;border-radius: 10px !important;}\u00a0\u00bb][vc_column_text]<\/p>\n<h3 style=\"text-align: center;\">Pour les Associations<\/h3>\n<h4>Si vous souhaitez fixer le si\u00e8ge social de votre association \u00e0 la Maison des Ailes ou\/et qu&rsquo;elle puisse, ainsi que ses membres, \u00a0b\u00e9n\u00e9ficier de ses \u00a0\u00ab\u00a0<a href=\"https:\/\/www.mda-hdv.be\/fr\/nos-facilites\/\">facilit\u00e9s\u00a0\u00bb<\/a>\u00a0 \u00a0aux meilleures conditions, vous pouvez en faire la demande en remplissant le formulaire que vous trouverez en cliquant sur le bouton ci-dessous.<\/h4>\n<p>[\/vc_column_text][vc_btn title=\u00a0\u00bbFICHE POUR ASSOCIATION\u00a0\u00bb style=\u00a0\u00bb3d\u00a0\u00bb color=\u00a0\u00bbinfo\u00a0\u00bb align=\u00a0\u00bbcenter\u00a0\u00bb i_icon_fontawesome=\u00a0\u00bb\u00a0\u00bb css_animation=\u00a0\u00bbbounceInLeft\u00a0\u00bb add_icon=\u00a0\u00bbtrue\u00a0\u00bb css=\u00a0\u00bb.vc_custom_1671358316655{border-radius: 10px !important;}\u00a0\u00bb link=\u00a0\u00bburl:https%3A%2F%2Fwww.mda-hdv.be%2Fwp-content%2Fuploads%2F2022%2F12%2FFormulaire-pour-association-2023.pdf|title:Fiche%20pour%20association|target:_blank\u00a0\u00bb][\/vc_column][\/vc_row][vc_row][vc_column][\/vc_column][\/vc_row]<\/p>\n<\/div>","protected":false},"excerpt":{"rendered":"<p>[vc_row][vc_column css=\u00a0\u00bb.vc_custom_1501345856515{background-color: rgba(94,202,229,0.16) !important;*background-color: rgb(94,202,229) !important;border: 2px solid #0066bf !important;border-radius: 10px !important;}\u00a0\u00bb][vc_column_text css=\u00a0\u00bb.vc_custom_1579553275133{background-color: rgba(255,255,255,0.2) !important;*background-color: rgb(255,255,255) !important;}\u00a0\u00bb] Pour les candidats membres Si vous souhaitez \u00e0 titre personnel, soutenir l&rsquo;action de notre asbl et profiter des facilit\u00e9s de la Maison des Ailes, vous pouvez demander \u00e0 en devenir membre en remplissant la \u00ab\u00a0demande d&rsquo;affiliation\u00a0\u00bb que vous&hellip;<\/p>\n","protected":false},"author":1,"featured_media":0,"parent":0,"menu_order":0,"comment_status":"closed","ping_status":"closed","template":"","meta":{"om_disable_all_campaigns":false,"_monsterinsights_skip_tracking":false,"_monsterinsights_sitenote_active":false,"_monsterinsights_sitenote_note":"","_monsterinsights_sitenote_category":0,"_uf_show_specific_survey":0,"_uf_disable_surveys":false,"footnotes":""},"class_list":["post-177","page","type-page","status-publish","hentry","description-off"],"aioseo_notices":[],"_links":{"self":[{"href":"https:\/\/www.mda-hdv.be\/fr\/wp-json\/wp\/v2\/pages\/177","targetHints":{"allow":["GET"]}}],"collection":[{"href":"https:\/\/www.mda-hdv.be\/fr\/wp-json\/wp\/v2\/pages"}],"about":[{"href":"https:\/\/www.mda-hdv.be\/fr\/wp-json\/wp\/v2\/types\/page"}],"author":[{"embeddable":true,"href":"https:\/\/www.mda-hdv.be\/fr\/wp-json\/wp\/v2\/users\/1"}],"replies":[{"embeddable":true,"href":"https:\/\/www.mda-hdv.be\/fr\/wp-json\/wp\/v2\/comments?post=177"}],"version-history":[{"count":0,"href":"https:\/\/www.mda-hdv.be\/fr\/wp-json\/wp\/v2\/pages\/177\/revisions"}],"wp:attachment":[{"href":"https:\/\/www.mda-hdv.be\/fr\/wp-json\/wp\/v2\/media?parent=177"}],"curies":[{"name":"wp","href":"https:\/\/api.w.org\/{rel}","templated":true}]}}

<div class="wpb-content-wrapper"><p>[vc_row][vc_column css= ».vc_custom_1501345856515{background-color: rgba(94,202,229,0.16) !important;*background-color: rgb(94,202,229) !important;border: 2px solid #0066bf !important;border-radius: 10px !important;} »][vc_column_text css= ».vc_custom_1579553275133{background-color: rgba(255,255,255,0.2) !important;*background-color: rgb(255,255,255) !important;} »]</p>
<h3 style="text-align: center;">Pour les candidats membres</h3>
<h4>Si vous souhaitez à titre personnel, soutenir l&rsquo;action de notre asbl et profiter des facilités de la Maison des Ailes, vous pouvez demander à en devenir membre en remplissant la « demande d&rsquo;affiliation » que vous trouverez en cliquant sur le bouton ci-dessous</h4>
<h4></h4>
<p>&nbsp;[/vc_column_text][vc_btn title= »DEMANDE D&rsquo;AFFILIATION » style= »3d » color= »info » align= »center » i_icon_fontawesome= » » css_animation= »bounceInLeft » add_icon= »true » link= »url:https%3A%2F%2Fwww.mda-hdv.be%2Fwp-content%2Fuploads%2F2022%2F12%2FDemande-daffiliation-2023Fr.pdf|title:Demande%20d&rsquo;Affiliation%20MDA|target:_blank »][/vc_column][/vc_row][vc_row][vc_column][vc_single_image image= »250&Prime; img_size= »medium » alignment= »center » style= »vc_box_shadow_3d » css= ».vc_custom_1501345657288{padding-top: 30px !important;} »][/vc_column][/vc_row][vc_row][vc_column css= ».vc_custom_1501347342944{border-top-width: 2px !important;border-right-width: 2px !important;border-bottom-width: 2px !important;border-left-width: 2px !important;background-color: rgba(94,202,229,0.16) !important;*background-color: rgb(94,202,229) !important;border-left-color: #0066bf !important;border-left-style: solid !important;border-right-color: #0066bf !important;border-right-style: solid !important;border-top-color: #0066bf !important;border-top-style: solid !important;border-bottom-color: #0066bf !important;border-bottom-style: solid !important;border-radius: 10px !important;} »][vc_column_text]</p>
<h3 style="text-align: center;">Pour les Associations</h3>
<h4>Si vous souhaitez fixer le siège social de votre association à la Maison des Ailes ou/et qu&rsquo;elle puisse, ainsi que ses membres,  bénéficier de ses  « <a href="https://www.mda-hdv.be/fr/nos-facilites/">facilités »</a>   aux meilleures conditions, vous pouvez en faire la demande en remplissant le formulaire que vous trouverez en cliquant sur le bouton ci-dessous.</h4>
<p>[/vc_column_text][vc_btn title= »FICHE POUR ASSOCIATION » style= »3d » color= »info » align= »center » i_icon_fontawesome= » » css_animation= »bounceInLeft » add_icon= »true » css= ».vc_custom_1671358316655{border-radius: 10px !important;} » link= »url:https%3A%2F%2Fwww.mda-hdv.be%2Fwp-content%2Fuploads%2F2022%2F12%2FFormulaire-pour-association-2023.pdf|title:Fiche%20pour%20association|target:_blank »][/vc_column][/vc_row][vc_row][vc_column][/vc_column][/vc_row]</p>
</div>

<p>[vc_row][vc_column css= ».vc_custom_1501345856515{background-color: rgba(94,202,229,0.16) !important;*background-color: rgb(94,202,229) !important;border: 2px solid #0066bf !important;border-radius: 10px !important;} »][vc_column_text css= ».vc_custom_1579553275133{background-color: rgba(255,255,255,0.2) !important;*background-color: rgb(255,255,255) !important;} »] Pour les candidats membres Si vous souhaitez à titre personnel, soutenir l&rsquo;action de notre asbl et profiter des facilités de la Maison des Ailes, vous pouvez demander à en devenir membre en remplissant la « demande d&rsquo;affiliation » que vous&hellip;</p>
