{"id":373,"date":"2017-07-25T16:54:47","date_gmt":"2017-07-25T14:54:47","guid":{"rendered":"http:\/\/www.mda-hdv.be\/?page_id=373"},"modified":"2020-11-28T13:43:52","modified_gmt":"2020-11-28T12:43:52","slug":"prix-mmf-2019","status":"publish","type":"page","link":"https:\/\/www.mda-hdv.be\/fr\/prix-mmf-2019\/","title":{"rendered":"PRIX MMF 2019"},"content":{"rendered":"<div class=\"wpb-content-wrapper\"><p>[vc_row margin_top=\u00a0\u00bb-50&Prime;][vc_column width=\u00a0\u00bb1\/4&Prime;][vc_single_image image=\u00a0\u00bb1908&Prime; img_size=\u00a0\u00bbmedium\u00a0\u00bb][vc_single_image image=\u00a0\u00bb1901&Prime; img_size=\u00a0\u00bbmedium\u00a0\u00bb][vc_single_image image=\u00a0\u00bb1897&Prime; img_size=\u00a0\u00bbmedium\u00a0\u00bb][vc_single_image image=\u00a0\u00bb1899&Prime; img_size=\u00a0\u00bbmedium\u00a0\u00bb][vc_single_image image=\u00a0\u00bb1911&Prime; img_size=\u00a0\u00bbmedium\u00a0\u00bb][\/vc_column][vc_column width=\u00a0\u00bb3\/4&Prime;][vc_column_text]Le laur\u00e9at du PMMF 2019 propos\u00e9 par le commandant de la composante a\u00e9rienne est le <strong>Commandant aviateur G\u00fcnther \u00ab\u00a0Gunny\u00a0\u00bb Vandeputte<\/strong>, pilote F16 au 10 Wing Tactique \u00e0 Kleine-Brogel. Gunny n&rsquo;est pas laur\u00e9at d&rsquo;un \u00e9v\u00e9nement de vol remarquable en particulier, mais ce prix lui et remis en reconnaissance de ses ann\u00e9es d&rsquo;engagement et de r\u00e9alisations remarquables dans divers postes et responsabilit\u00e9s au sein de l&#8217;emploi op\u00e9rationnel de la F16, tant au sein de son escadrille que dans un contexte national et international. La MDA consid\u00e8re \u00e9galement ce prix PMMF 2019 comme une reconnaissance du d\u00e9ploiement sur les diff\u00e9rents champs de bataille au cours des derni\u00e8res d\u00e9cennies, de la communaut\u00e9 F16 dans son ensemble, pour la s\u00e9curit\u00e9 et la r\u00e9putation internationale de la Belgique.<\/p>\n<p>La pr\u00e9sentation du PMMF 2019 a eu lieu le 30 novembre dernier \u00e0 la MDA en pr\u00e9sence du commandant de la composante a\u00e9rienne, le G\u00e9n\u00e9ral Major Aviateur Fr\u00e9d\u00e9rik \u00a0Vansina, et de nombreuses personnalit\u00e9s de l&rsquo;arm\u00e9e de l&rsquo;air et de l\u2019aviation civile<\/p>\n<p>Le conf\u00e9rencier, le Professeur Docteur Alexander Mattelaer, vice-doyen de l&rsquo;Institut d&rsquo;\u00e9tudes europ\u00e9ennes de l&rsquo;Universit\u00e9 libre de Bruxelles, a fait un expos\u00e9 tr\u00e8s int\u00e9ressant sous le titre \u00ab\u00a0La r\u00e9sonance strat\u00e9gique de la puissance a\u00e9rienne belge\u00a0\u00bb. Il a ainsi d\u00e9montr\u00e9 l\u2019importance du d\u00e9ploiement des F16 belges dans divers conflits pour la d\u00e9fense de nos valeurs et de l\u2019image de la Belgique sur le plan international.<\/p>\n<p>Dans son mot de remerciement, Gunny a d\u00e9clar\u00e9 que tous ses coll\u00e8gues pilotes de F16 effectuent leur travail jour apr\u00e8s jour avec le m\u00eame d\u00e9vouement et le m\u00eame professionnalisme que lui-m\u00eame \u00a0tant dans le cockpit qu\u2019 au sol, sur toutes les lignes de front o\u00f9 ils sont d\u00e9ploy\u00e9s.<\/p>\n<p>La c\u00e9r\u00e9monie s&rsquo;est termin\u00e9e par une r\u00e9ception offerte par la Maison des Ailes.<\/p>\n<div id=\"ConnectiveDocSignExtentionInstalled\" data-extension-version=\"1.0.4\"><\/div>\n<div id=\"ConnectiveDocSignExtentionInstalled\" data-extension-version=\"1.0.4\"><\/div>\n<p>[\/vc_column_text][vc_single_image image=\u00a0\u00bb1883&Prime; img_size=\u00a0\u00bb600X400&Prime; alignment=\u00a0\u00bbcenter\u00a0\u00bb style=\u00a0\u00bbvc_box_shadow\u00a0\u00bb][\/vc_column][\/vc_row][vc_row][vc_column][vc_column_text]<\/p>\n<div id=\"ConnectiveDocSignExtentionInstalled\" data-extension-version=\"1.0.4\"><\/div>\n<div id=\"ConnectiveDocSignExtentionInstalled\" data-extension-version=\"1.0.4\"><\/div>\n<div id=\"ConnectiveDocSignExtentionInstalled\" data-extension-version=\"1.0.4\"><\/div>\n<div id=\"ConnectiveDocSignExtentionInstalled\" data-extension-version=\"1.0.4\"><\/div>\n<div id=\"ConnectiveDocSignExtentionInstalled\" data-extension-version=\"1.0.4\"><\/div>\n<div id=\"ConnectiveDocSignExtentionInstalled\" data-extension-version=\"1.0.4\"><\/div>\n<p>[\/vc_column_text][\/vc_column][\/vc_row]<\/p>\n<\/div>","protected":false},"excerpt":{"rendered":"<p>[vc_row margin_top=\u00a0\u00bb-50&Prime;][vc_column width=\u00a0\u00bb1\/4&Prime;][vc_single_image image=\u00a0\u00bb1908&Prime; img_size=\u00a0\u00bbmedium\u00a0\u00bb][vc_single_image image=\u00a0\u00bb1901&Prime; img_size=\u00a0\u00bbmedium\u00a0\u00bb][vc_single_image image=\u00a0\u00bb1897&Prime; img_size=\u00a0\u00bbmedium\u00a0\u00bb][vc_single_image image=\u00a0\u00bb1899&Prime; img_size=\u00a0\u00bbmedium\u00a0\u00bb][vc_single_image image=\u00a0\u00bb1911&Prime; img_size=\u00a0\u00bbmedium\u00a0\u00bb][\/vc_column][vc_column width=\u00a0\u00bb3\/4&Prime;][vc_column_text]Le laur\u00e9at du PMMF 2019 propos\u00e9 par le commandant de la composante a\u00e9rienne est le Commandant aviateur G\u00fcnther \u00ab\u00a0Gunny\u00a0\u00bb Vandeputte, pilote F16 au 10 Wing Tactique \u00e0 Kleine-Brogel. Gunny n&rsquo;est pas laur\u00e9at d&rsquo;un \u00e9v\u00e9nement de vol remarquable en particulier, mais ce prix&hellip;<\/p>\n","protected":false},"author":1,"featured_media":0,"parent":0,"menu_order":0,"comment_status":"closed","ping_status":"closed","template":"","meta":{"om_disable_all_campaigns":false,"_monsterinsights_skip_tracking":false,"_monsterinsights_sitenote_active":false,"_monsterinsights_sitenote_note":"","_monsterinsights_sitenote_category":0,"_uf_show_specific_survey":0,"_uf_disable_surveys":false,"footnotes":""},"class_list":["post-373","page","type-page","status-publish","hentry","description-off"],"aioseo_notices":[],"_links":{"self":[{"href":"https:\/\/www.mda-hdv.be\/fr\/wp-json\/wp\/v2\/pages\/373","targetHints":{"allow":["GET"]}}],"collection":[{"href":"https:\/\/www.mda-hdv.be\/fr\/wp-json\/wp\/v2\/pages"}],"about":[{"href":"https:\/\/www.mda-hdv.be\/fr\/wp-json\/wp\/v2\/types\/page"}],"author":[{"embeddable":true,"href":"https:\/\/www.mda-hdv.be\/fr\/wp-json\/wp\/v2\/users\/1"}],"replies":[{"embeddable":true,"href":"https:\/\/www.mda-hdv.be\/fr\/wp-json\/wp\/v2\/comments?post=373"}],"version-history":[{"count":0,"href":"https:\/\/www.mda-hdv.be\/fr\/wp-json\/wp\/v2\/pages\/373\/revisions"}],"wp:attachment":[{"href":"https:\/\/www.mda-hdv.be\/fr\/wp-json\/wp\/v2\/media?parent=373"}],"curies":[{"name":"wp","href":"https:\/\/api.w.org\/{rel}","templated":true}]}}

<div class="wpb-content-wrapper"><p>[vc_row margin_top= »-50&Prime;][vc_column width= »1/4&Prime;][vc_single_image image= »1908&Prime; img_size= »medium »][vc_single_image image= »1901&Prime; img_size= »medium »][vc_single_image image= »1897&Prime; img_size= »medium »][vc_single_image image= »1899&Prime; img_size= »medium »][vc_single_image image= »1911&Prime; img_size= »medium »][/vc_column][vc_column width= »3/4&Prime;][vc_column_text]Le lauréat du PMMF 2019 proposé par le commandant de la composante aérienne est le <strong>Commandant aviateur Günther « Gunny » Vandeputte</strong>, pilote F16 au 10 Wing Tactique à Kleine-Brogel. Gunny n&rsquo;est pas lauréat d&rsquo;un événement de vol remarquable en particulier, mais ce prix lui et remis en reconnaissance de ses années d&rsquo;engagement et de réalisations remarquables dans divers postes et responsabilités au sein de l&#8217;emploi opérationnel de la F16, tant au sein de son escadrille que dans un contexte national et international. La MDA considère également ce prix PMMF 2019 comme une reconnaissance du déploiement sur les différents champs de bataille au cours des dernières décennies, de la communauté F16 dans son ensemble, pour la sécurité et la réputation internationale de la Belgique.</p>
<p>La présentation du PMMF 2019 a eu lieu le 30 novembre dernier à la MDA en présence du commandant de la composante aérienne, le Général Major Aviateur Frédérik  Vansina, et de nombreuses personnalités de l&rsquo;armée de l&rsquo;air et de l’aviation civile</p>
<p>Le conférencier, le Professeur Docteur Alexander Mattelaer, vice-doyen de l&rsquo;Institut d&rsquo;études européennes de l&rsquo;Université libre de Bruxelles, a fait un exposé très intéressant sous le titre « La résonance stratégique de la puissance aérienne belge ». Il a ainsi démontré l’importance du déploiement des F16 belges dans divers conflits pour la défense de nos valeurs et de l’image de la Belgique sur le plan international.</p>
<p>Dans son mot de remerciement, Gunny a déclaré que tous ses collègues pilotes de F16 effectuent leur travail jour après jour avec le même dévouement et le même professionnalisme que lui-même  tant dans le cockpit qu’ au sol, sur toutes les lignes de front où ils sont déployés.</p>
<p>La cérémonie s&rsquo;est terminée par une réception offerte par la Maison des Ailes.</p>
<div id="ConnectiveDocSignExtentionInstalled" data-extension-version="1.0.4"></div>
<div id="ConnectiveDocSignExtentionInstalled" data-extension-version="1.0.4"></div>
<p>[/vc_column_text][vc_single_image image= »1883&Prime; img_size= »600X400&Prime; alignment= »center » style= »vc_box_shadow »][/vc_column][/vc_row][vc_row][vc_column][vc_column_text]</p>
<div id="ConnectiveDocSignExtentionInstalled" data-extension-version="1.0.4"></div>
<div id="ConnectiveDocSignExtentionInstalled" data-extension-version="1.0.4"></div>
<div id="ConnectiveDocSignExtentionInstalled" data-extension-version="1.0.4"></div>
<div id="ConnectiveDocSignExtentionInstalled" data-extension-version="1.0.4"></div>
<div id="ConnectiveDocSignExtentionInstalled" data-extension-version="1.0.4"></div>
<div id="ConnectiveDocSignExtentionInstalled" data-extension-version="1.0.4"></div>
<p>[/vc_column_text][/vc_column][/vc_row]</p>
</div>

<p>[vc_row margin_top= »-50&Prime;][vc_column width= »1/4&Prime;][vc_single_image image= »1908&Prime; img_size= »medium »][vc_single_image image= »1901&Prime; img_size= »medium »][vc_single_image image= »1897&Prime; img_size= »medium »][vc_single_image image= »1899&Prime; img_size= »medium »][vc_single_image image= »1911&Prime; img_size= »medium »][/vc_column][vc_column width= »3/4&Prime;][vc_column_text]Le lauréat du PMMF 2019 proposé par le commandant de la composante aérienne est le Commandant aviateur Günther « Gunny » Vandeputte, pilote F16 au 10 Wing Tactique à Kleine-Brogel. Gunny n&rsquo;est pas lauréat d&rsquo;un événement de vol remarquable en particulier, mais ce prix&hellip;</p>
